4?
2, 11, 325943
What are the prime factors of 12212185?
5, 2442437
List the prime factors of 193470.
2, 3, 5, 6449
What are the prime factors of 812872?
2, 17, 43, 139
What are the prime factors of 459034?
2, 17, 23, 587
What are the prime factors of 664514?
2, 53, 6269
List the prime factors of 22214218.
2, 13, 113, 7561
What are the prime factors of 33294152?
2, 4161769
What are the prime factors of 5691438?
2, 3, 105397
What are the prime factors of 11061489?
3, 3687163
What are the prime factors of 9032523?
3, 3010841
What are the prime factors of 16711478?
2, 7, 23, 51899
List the prime factors of 905608.
2, 11, 41, 251
List the prime factors of 21803612.
2, 5450903
What are the prime factors of 5063341?
797, 6353
What are the prime factors of 1994647?
1994647
What are the prime factors of 416428?
2, 104107
List the prime factors of 438833.
438833
List the prime factors of 7550169.
3, 11, 228793
List the prime factors of 525133.
7, 1531
What are the prime factors of 1143660?
2, 3, 5, 7, 389
What are the prime factors of 38320480?
2, 5, 11, 21773
List the prime factors of 77030.
2, 5, 7703
What are the prime factors of 5937804?
2, 3, 19, 8681
List the prime factors of 13365958.
2, 947, 7057
What are the prime factors of 968544?
2, 3, 19, 59
List the prime factors of 606221.
7, 11, 7873
List the prime factors of 372300.
2, 3, 5, 17, 73
List the prime factors of 25414451.
31, 47, 17443
What are the prime factors of 2978519?
17, 241, 727
List the prime factors of 3870133.
31, 131, 953
List the prime factors of 9247010.
2, 5, 97, 9533
What are the prime factors of 281188?
2, 70297
What are the prime factors of 18882716?
2, 17, 277687
List the prime factors of 523601.
13, 40277
What are the prime factors of 494981?
137, 3613
What are the prime factors of 400439?
13, 30803
What are the prime factors of 417082?
2, 23, 9067
What are the prime factors of 1744134?
2, 3, 7, 131, 317
List the prime factors of 240897.
3, 59, 1361
What are the prime factors of 204216?
2, 3, 67, 127
What are the prime factors of 41129?
11, 3739
List the prime factors of 3830593.
13, 17, 17333
What are the prime factors of 2751447?
3, 19, 48271
What are the prime factors of 4452535?
5, 83, 10729
List the prime factors of 1682176.
2, 6571
List the prime factors of 806953.
7, 115279
List the prime factors of 1623350.
2, 5, 32467
What are the prime factors of 550420?
2, 5, 13, 29, 73
What are the prime factors of 640621?
640621
What are the prime factors of 869605?
5, 11, 97, 163
What are the prime factors of 4749933?
3, 1583311
What are the prime factors of 1202415?
3, 5, 19, 4219
List the prime factors of 6846828.
2, 3, 570569
List the prime factors of 1589789.
17, 5501
What are the prime factors of 5260050?
2, 3, 5, 11689
What are the prime factors of 52227?
3, 7, 829
List the prime factors of 4417980.
2, 3, 5, 7, 67, 157
List the prime factors of 223857.
3, 8291
What are the prime factors of 939634?
2, 59, 7963
List the prime factors of 244912.
2, 15307
List the prime factors of 694985.
5, 29, 4793
What are the prime factors of 209855?
5, 19, 47
What are the prime factors of 11477467?
11477467
What are the prime factors of 2889297?
3, 113, 947
List the prime factors of 97289.
271, 359
List the prime factors of 13301.
47, 283
List the prime factors of 5644902.
2, 3, 940817
List the prime factors of 272977.
29, 9413
What are the prime factors of 10002752?
2, 73, 2141
What are the prime factors of 42578644?
2, 10644661
List the prime factors of 191393.
43, 4451
List the prime factors of 5514740.
2, 5, 7, 11, 3581
What are the prime factors of 369906?
2, 3, 61651
What are the prime factors of 15381251?
15381251
List the prime factors of 490190.
2, 5, 49019
What are the prime factors of 23970213?
3, 2663357
List the prime factors of 20916064.
2, 13, 137, 367
What are the prime factors of 439140?
2, 3, 5, 13, 563
What are the prime factors of 31145336?
2, 3893167
List the prime factors of 2848478.
2, 797, 1787
List the prime factors of 1801489.
1801489
What are the prime factors of 1542107?
7, 220301
List the prime factors of 15445636.
2, 83, 46523
List the prime factors of 21413755.
5, 11, 59, 6599
What are the prime factors of 12450855?
3, 5, 251, 3307
List the prime factors of 515287.
17, 1783
What are the prime factors of 1396003?
7, 199429
What are the prime factors of 216691?
337, 643
What are the prime factors of 873912?
2, 3, 13, 2801
List the prime factors of 329729.
329729
What are the prime factors of 134841?
3, 7, 6421
List the prime factors of 6198934.
2, 7, 442781
What are the prime factors of 7171697?
13, 337, 1637
List the prime factors of 3746.
2, 1873
List the prime factors of 35094001.
17, 2064353
What are the prime factors of 582509?
582509
List the prime factors of 422684.
2, 251, 421
What are the prime factors of 4237389?
3, 13, 36217
List the prime factors of 2702977.
2702977
What are the prime factors of 12971438?
2, 6485719
What are the prime factors of 162852?
2, 3, 41, 331
What are the prime factors of 94770?
2, 3, 5, 13
List the prime factors of 8942668.
2, 7, 277, 1153
List the prime factors of 58008.
2, 3, 2417
List the prime factors of 437075.
5, 17483
List the prime factors of 1084721.
11, 31, 3181
What are the prime factors of 4925543?
7, 179, 3931
List the prime factors of 4210207.
4210207
List the prime factors of 345077.
61, 5657
List the prime factors of 170614.
2, 23, 3709
List the prime factors of 10724357.
7, 31, 73, 677
List the prime factors of 8030429.
11, 79, 9241
List the prime factors of 1060790.
2, 5, 37, 47, 61
List the prime factors of 17637967.
61, 199, 1453
List the prime factors of 3698262.
2, 3, 23, 8933
What are the prime factors of 957778?
2, 97, 4937
What are the prime factors of 24264826?
2, 1181, 10273
List the prime factors of 6635873.
71, 93463
List the prime factors of 399946.
2, 311, 643
List the prime factors of 5225152.
2, 19, 4297
List the prime factors of 217091.
7, 31013
List the prime factors of 332142.
2, 3, 197, 281
List the prime factors of 164489.
13, 12653
List the prime factors of 307509.
3, 102503
What are the prime factors of 16981114?
2, 73, 107, 1087
List the prime factors of 26488.
2, 7, 11, 43
List the prime factors of 3236271.
3, 1078757
List the prime factors of 4783743.
3, 349, 1523
What are the prime factors of 1445643?
3, 160627
List the prime factors of 280901.
257, 1093
List the prime factors of 6951558.
2, 3, 1158593
What are the prime factors of 263800?
2, 5, 1319
What are the prime factors of 712015?
5, 142403
What are the prime factors of 1093106?
2, 7, 78079
What are the prime factors of 250639?
263, 953
List the prime factors of 805764.
2, 3, 83, 809
What are the prime factors of 33423076?
2, 1087, 7687
What are the prime factors of 7169828?
2, 701, 2557
What are the prime factors of 5061872?
2, 257, 1231
What are the prime factors of 207585?
3, 5, 7, 659
List the prime factors of 277578.
2, 3, 7, 2203
List the prime factors of 89951.
293, 307
List the prime factors of 7112086.
2, 17, 209179
What are the prime factors of 107273?
107273
List the prime factors of 777051.
3, 11, 47, 167
List the prime factors of 192129.
3, 7, 1307
What are the prime factors of 5364094?
2, 733, 3659
List the prime factors of 19884464.
2, 223, 5573
What are the prime factors of 622122?
2, 3, 103687
List the prime factors of 1755939.
3, 585313
What are the prime factors of 14207416?
2, 1775927
List the prime factors of 12873853.
12873853
List the prime factors of 694716.
2, 3, 11, 19, 277
What are the prime factors of 728113?
728113
What are the prime factors of 1780790?
2, 5, 11, 16189
List the prime factors of 3384189.
3, 376021
List the prime factors of 1687785.
3, 5, 11, 53, 193
List the prime factors of 585.
3, 5, 13
What are the prime factors of 1455899?
137, 10627
List the prime factors of 6060127.
953, 6359
What are the prime factors of 34438049?
2251, 15299
What are the prime factors of 31549705?
5, 11, 17, 41, 823
What are the prime factors of 1032270?
2, 3, 5, 19, 1811
What are the prime factors of 665772?
2, 3, 109, 509
List the prime factors of 3997787.
41, 281, 347
What are the prime factors of 981768?
2, 3, 19, 2153
List the prime factors of 762870.
2, 3, 5, 59, 431
What are the prime fa